{"id":4388,"date":"2018-07-09T09:08:07","date_gmt":"2018-07-09T07:08:07","guid":{"rendered":"https:\/\/www.aisettenani.it\/it\/?page_id=4388"},"modified":"2019-02-18T21:50:51","modified_gmt":"2019-02-18T20:50:51","slug":"ricevimento-matrimoni","status":"publish","type":"page","link":"https:\/\/www.aisettenani.it\/it\/ricevimento-matrimoni\/","title":{"rendered":"Ricevimento &#038; Matrimoni"},"content":{"rendered":"<div class=\"wpb-content-wrapper\"><p>[vc_row equal_height=&#8221;yes&#8221; css_animation=&#8221;fadeInUp&#8221; el_id=&#8221;home-first-row&#8221; css=&#8221;.vc_custom_1531146097949{margin-bottom: 0px !important;padding-bottom: 0px !important;}&#8221;][vc_column][vc_row_inner][vc_column_inner width=&#8221;1\/3&#8243;][vc_column_text]<\/p>\n<h2 class=\"page-title\">RICEVIMENTO<br \/>\n&amp; MATRIMONI<\/h2>\n<div class=\"divider\"><\/div>\n<p>[\/vc_column_text][\/vc_column_inner][vc_column_inner width=&#8221;1\/3&#8243;][\/vc_column_inner][vc_column_inner width=&#8221;1\/3&#8243;][\/vc_column_inner][\/vc_row_inner][\/vc_column][\/vc_row][vc_row equal_height=&#8221;yes&#8221; css_animation=&#8221;fadeInUp&#8221; el_id=&#8221;home-first-row&#8221; css=&#8221;.vc_custom_1531146012555{margin-top: 0px !important;margin-bottom: 0px !important;padding-top: 0px !important;padding-bottom: 0px !important;}&#8221;][vc_column][vc_row_inner][vc_column_inner width=&#8221;1\/2&#8243;][vc_column_text]<strong>&#8220;La nostra professionalit\u00e0 al vostro servizio.&#8221;<\/strong> Questo potrebbe essere il nostro motto anche per l&#8217;organizzazione di colazioni di lavoro, pranzi e cene per privati e aziende, serate di gala con men\u00f9 personalizzati, buffet a base di carne o di pesce, il tutto rallegrato da spettacoli o da musica dal vivo.[\/vc_column_text][\/vc_column_inner][vc_column_inner width=&#8221;1\/2&#8243;][vc_column_text]<span style=\"font-weight: 400;\">Per la buona riuscita dei ricevimenti e in occasione di matrimoni, garantiamo cura e attenzioni particolari.<\/span>\u00a0Per tali occasioni <strong>Claudio<\/strong> segue personalmente e consiglia le coppie, affinch\u00e9 questo giorno resti nel ricordo di parenti e amici, senza essere un peso per gli sposi.[\/vc_column_text][\/vc_column_inner][\/vc_row_inner][\/vc_column][\/vc_row][vc_row equal_height=&#8221;yes&#8221; css_animation=&#8221;fadeInUp&#8221; css=&#8221;.vc_custom_1531915374299{margin-top: 0px !important;margin-bottom: 0px !important;padding-top: 0px !important;padding-bottom: 0px !important;}&#8221;][vc_column][vc_empty_space][\/vc_column][\/vc_row][vc_row equal_height=&#8221;yes&#8221; css_animation=&#8221;fadeInUp&#8221; el_id=&#8221;home-first-row&#8221; css=&#8221;.vc_custom_1531915374299{margin-top: 0px !important;margin-bottom: 0px !important;padding-top: 0px !important;padding-bottom: 0px !important;}&#8221;][vc_column][vc_row_inner css=&#8221;.vc_custom_1531915450074{margin-top: 0px !important;margin-bottom: 0px !important;padding-top: 0px !important;padding-bottom: 0px !important;}&#8221;][vc_column_inner width=&#8221;1\/3&#8243;][vc_column_text]<\/p>\n<h2 class=\"page-title\">IL VOSTRO<br \/>\nRICEVIMENTO DI NOZZE<\/h2>\n<div class=\"divider\"><\/div>\n<p>[\/vc_column_text][\/vc_column_inner][vc_column_inner width=&#8221;1\/3&#8243;][\/vc_column_inner][vc_column_inner width=&#8221;1\/3&#8243;][\/vc_column_inner][\/vc_row_inner][\/vc_column][\/vc_row][vc_row equal_height=&#8221;yes&#8221; css_animation=&#8221;fadeInUp&#8221; css=&#8221;.vc_custom_1539001863454{margin-top: 0px !important;margin-bottom: 0px !important;padding-top: 0px !important;padding-bottom: 0px !important;}&#8221; el_id=&#8221;home-first-row&#8221;][vc_column][vc_row_inner][vc_column_inner width=&#8221;1\/2&#8243;][vc_column_text css=&#8221;.vc_custom_1539073667449{margin-bottom: 0px !important;}&#8221;]<\/p>\n<h3>Festaiolo.<\/h3>\n<p>[\/vc_column_text][vc_column_text]Potete riservare completamente la <strong>sala Panoramica<\/strong>, con il palco per la musica dal vivo o la visione dei video o gli scherzi degli amici, per il pranzo o la cena, accogliendo fino a 170 ospiti al tuo festeggiamento. Inoltre potrete usufruire degli altri spazi adiacenti del dehors, con il laghetto, per l\u2019accoglienza iniziale, il taglio della torta e la confettata. L\u2019ampia sala panoramica delle Feste, affacciata direttamente sui giardini, dar\u00e0 il benvenuto ai vostri ospiti con un\u00a0sofisticato aperitivo. I vostri ospiti potranno cos\u00ec attendere in tutta comodit\u00e0 l\u2019inizio del pranzo o della cena che si svolger\u00e0 all\u2019interno. Le ampie vetrate permettono di creare un ambiente unico con la terrazza esterna e gli invitati potranno rimanere incantati dai colori della vegetazione e dal tramonto per tutto il ricevimento.[\/vc_column_text][\/vc_column_inner][vc_column_inner width=&#8221;1\/2&#8243;][vc_column_text css=&#8221;.vc_custom_1539073673072{margin-bottom: 0px !important;}&#8221;]<\/p>\n<h3>Intimo.<\/h3>\n<p>[\/vc_column_text][vc_column_text]Un\u2019altra sala pi\u00f9 raccolta ed intima \u00e8 la <strong>sala padronale<\/strong>, con le travi di legno a vista. Particolare anche l\u2019effetto della luce soffusa e gli archi. Originale anche la veranda che affaccia nel giardino estivo con una fontana al centro, in una suggestiva corte padronale che permette l\u2019accoglienza iniziale degli ospiti, fino a un centinaio, la\u00a0 possibilit\u00e0 di angoli caratteristici per le foto, il taglio del dolce e la piccola pasticceria con fontana di cioccolato e angolo dei whisky.[\/vc_column_text][\/vc_column_inner][\/vc_row_inner][vc_row_inner][vc_column_inner width=&#8221;1\/2&#8243;][vc_column_text css=&#8221;.vc_custom_1539073678991{margin-bottom: 0px !important;}&#8221;]<\/p>\n<h3>Nel parco.<\/h3>\n<p>[\/vc_column_text][vc_column_text]Tutti gli spazi all\u2019aperto attendono solo di scoprire come voi preferirete utilizzarli: potrete pianificare e scandire le fasi della festa di matrimonio o dell\u2019evento, facendo muovere gli ospiti tra le differenti aree, ovvero la zona vele, il gazebo, la sala. Oppure <strong>potrai rimanere sotto le stelle, a lume di candela o nel verde del prato<\/strong>, o ancora ammirare lo spettacolo delle lanterne volanti o dei fuochi d\u2019artificio. Dovrai solo scegliere secondo i tuoi gusti, qualunque sia il tuo stile.[\/vc_column_text][\/vc_column_inner][vc_column_inner width=&#8221;1\/2&#8243;][vc_column_text css=&#8221;.vc_custom_1539073792578{margin-top: 60px !important;}&#8221;]Una raffinata selezione di piatti della tradizione rivisitati in chiave moderna con semplicit\u00e0 ed eleganza, unitamente alla passione e professionalit\u00e0, sono gli elementi che contraddistinguono la nostra ristorazione.<br \/>\nProfessionalit\u00e0 e materie prime di qualit\u00e0 garantiscono un servizio eccellente, in grado di soddisfare qualsiasi necessit\u00e0.[\/vc_column_text][\/vc_column_inner][\/vc_row_inner][\/vc_column][\/vc_row][vc_row equal_height=&#8221;yes&#8221; css_animation=&#8221;fadeInUp&#8221; el_id=&#8221;row-client-photo&#8221; css=&#8221;.vc_custom_1532086349794{margin-top: 0px !important;margin-bottom: 0px !important;padding-top: 0px !important;padding-bottom: 0px !important;}&#8221;][vc_column css=&#8221;.vc_custom_1531915278041{padding-right: 0px !important;}&#8221;][vc_row_inner css=&#8221;.vc_custom_1531214045151{padding-top: 0px !important;}&#8221;][vc_column_inner css=&#8221;.vc_custom_1531214065012{margin-top: 0px !important;padding-top: 0px !important;padding-right: 0px !important;}&#8221;][vc_media_grid element_width=&#8221;3&#8243; grid_id=&#8221;vc_gid:1539074431052-42551dfa-53b9-8&#8243; include=&#8221;4551,4701,4550,4739&#8243; css=&#8221;.vc_custom_1533648282044{margin-bottom: 10px !important;padding-right: 0px !important;padding-bottom: 0px !important;}&#8221;][\/vc_column_inner][\/vc_row_inner][\/vc_column][\/vc_row][vc_row el_id=&#8221;home-first-row&#8221;][vc_column][vc_row_inner][vc_column_inner width=&#8221;1\/3&#8243;][vc_column_text]<\/p>\n<h2>CERIMONIA CIVILE<\/h2>\n<p>[\/vc_column_text][\/vc_column_inner][vc_column_inner width=&#8221;1\/3&#8243;][\/vc_column_inner][vc_column_inner width=&#8221;1\/3&#8243;][\/vc_column_inner][\/vc_row_inner][\/vc_column][vc_column][vc_row_inner][vc_column_inner][vc_column_text css=&#8221;.vc_custom_1539074215050{margin-top: 0px !important;margin-bottom: 0px !important;}&#8221;]<\/p>\n<h3><em>La magia di un matrimonio sulle rive fiume Piave.<\/em><\/h3>\n<p>[\/vc_column_text][\/vc_column_inner][\/vc_row_inner][vc_row_inner][vc_column_inner width=&#8221;1\/2&#8243;][vc_column_text]<em>\u201c<strong>ai Sette Nani<\/strong>\u201d<\/em> potete scambiarvi le promesse d&#8217;amore in <strong>modo legale<\/strong>: <strong>l\u2019Amministrazione Comune<\/strong> e la Prefettura, hanno riconosciuto questa location come luogo per pronunciare il fatidico <strong>S\u00ec<\/strong>. Tutti i vostri inviati potranno vedere e partecipare alla cerimonia, <strong>officiata dal Sindaco del Comune<\/strong>, senza perdere nessun magico momento.<br \/>\nLo staff di <em>\u201c<strong>ai Sette Nani<\/strong>\u201d<\/em> vi fornir\u00e0 inoltre supporto nella realizzazione dell\u2019organizzazione del vostro matrimonio con preziosi suggerimenti e sapr\u00e0 consigliarvi un allestimento adeguato e coerente ai vostri desideri ed esigenze, spaziando tra soluzioni classiche e raffinate, a proposte alternative, Italian style o country chic, infondendo un&#8217;atmosfera un po\u2019 retr\u00f2 che doner\u00e0 al vostro matrimonio emozioni senza tempo.[\/vc_column_text][\/vc_column_inner][vc_column_inner width=&#8221;1\/2&#8243;][vc_column_text]E per finire in bellezza, la cucina conquister\u00e0 i vostri palati dall&#8217;antipasto al dolce per offrirvi un ricordo davvero speciale.<br \/>\nPotrete celebrare il vostro matrimonio indimenticabile attorniati dalla natura e dal verde del parco del Piave, oppure in uno dei nostri\u00a0 giardini, o nella sala padronale. Provate a immaginare i colori del tramonto, la brezza tiepida, il profumo dei fiori di campo e la luce tremolante di mille candele &#8230; Un luogo magico per il vostro indimenticabile matrimonio.[\/vc_column_text][\/vc_column_inner][\/vc_row_inner][vc_row_inner][vc_column_inner][vc_column_text]Non abbiamo individuato lo stile che fa per voi? Non abbiamo ancora pensato al matrimonio glamour, minimal, eco solidale?&#8230; Lo realizzeremo con voi \u2026 per VOI! Dal banchetto, agli allestimenti particolari, ai fiori, alla musica, alla torta nuziale \u2026 puoi scegliere di personalizzare il tuo evento usufruendo di tutti o in parte dei nostri servizi.[\/vc_column_text][\/vc_column_inner][\/vc_row_inner][vc_row_inner][vc_column_inner width=&#8221;1\/6&#8243;][vc_column_text el_class=&#8221;client-photo-button-block&#8221;]<a class=\"btn-pink\" href=\"mailto:info@aisettenani.it\">CONTATTACI<\/a>[\/vc_column_text][\/vc_column_inner][vc_column_inner width=&#8221;1\/6&#8243;][\/vc_column_inner][vc_column_inner width=&#8221;1\/6&#8243;][\/vc_column_inner][vc_column_inner width=&#8221;1\/6&#8243;][\/vc_column_inner][vc_column_inner width=&#8221;1\/6&#8243;][\/vc_column_inner][vc_column_inner width=&#8221;1\/6&#8243;][\/vc_column_inner][\/vc_row_inner][\/vc_column][\/vc_row]<\/p>\n<\/div>","protected":false},"excerpt":{"rendered":"<p>[vc_row equal_height=&#8221;yes&#8221; css_animation=&#8221;fadeInUp&#8221; el_id=&#8221;home-first-row&#8221; css=&#8221;.vc_custom_1531146097949{margin-bottom: 0px !important;padding-bottom: 0px !important;}&#8221;][vc_column][vc_row_inner][vc_column_inner width=&#8221;1\/3&#8243;][vc_column_text] RICEVIMENTO &amp; MATRIMONI [\/vc_column_text][\/vc_column_inner][vc_column_inner width=&#8221;1\/3&#8243;][\/vc_column_inner][vc_column_inner width=&#8221;1\/3&#8243;][\/vc_column_inner][\/vc_row_inner][\/vc_column][\/vc_row][vc_row equal_height=&#8221;yes&#8221; css_animation=&#8221;fadeInUp&#8221; el_id=&#8221;home-first-row&#8221; css=&#8221;.vc_custom_1531146012555{margin-top: 0px !important;margin-bottom: 0px !important;padding-top: 0px !important;padding-bottom: 0px !important;}&#8221;][vc_column][vc_row_inner][vc_column_inner width=&#8221;1\/2&#8243;][vc_column_text]&#8220;La nostra professionalit\u00e0 al vostro servizio.&#8221; Questo potrebbe essere il nostro motto anche per l&#8217;organizzazione di colazioni di lavoro, pranzi e cene per privati e aziende, serate [&hellip;]<\/p>\n","protected":false},"author":25,"featured_media":4918,"parent":0,"menu_order":0,"comment_status":"closed","ping_status":"closed","template":"","meta":{"_acf_changed":false,"inline_featured_image":false,"footnotes":""},"class_list":["post-4388","page","type-page","status-publish","has-post-thumbnail","hentry"],"acf":[],"_links":{"self":[{"href":"https:\/\/www.aisettenani.it\/it\/wp-json\/wp\/v2\/pages\/4388","targetHints":{"allow":["GET"]}}],"collection":[{"href":"https:\/\/www.aisettenani.it\/it\/wp-json\/wp\/v2\/pages"}],"about":[{"href":"https:\/\/www.aisettenani.it\/it\/wp-json\/wp\/v2\/types\/page"}],"author":[{"embeddable":true,"href":"https:\/\/www.aisettenani.it\/it\/wp-json\/wp\/v2\/users\/25"}],"replies":[{"embeddable":true,"href":"https:\/\/www.aisettenani.it\/it\/wp-json\/wp\/v2\/comments?post=4388"}],"version-history":[{"count":22,"href":"https:\/\/www.aisettenani.it\/it\/wp-json\/wp\/v2\/pages\/4388\/revisions"}],"predecessor-version":[{"id":4855,"href":"https:\/\/www.aisettenani.it\/it\/wp-json\/wp\/v2\/pages\/4388\/revisions\/4855"}],"wp:featuredmedia":[{"embeddable":true,"href":"https:\/\/www.aisettenani.it\/it\/wp-json\/wp\/v2\/media\/4918"}],"wp:attachment":[{"href":"https:\/\/www.aisettenani.it\/it\/wp-json\/wp\/v2\/media?parent=4388"}],"curies":[{"name":"wp","href":"https:\/\/api.w.org\/{rel}","templated":true}]}}

<div class="wpb-content-wrapper"><p>[vc_row equal_height=&#8221;yes&#8221; css_animation=&#8221;fadeInUp&#8221; el_id=&#8221;home-first-row&#8221; css=&#8221;.vc_custom_1531146097949{margin-bottom: 0px !important;padding-bottom: 0px !important;}&#8221;][vc_column][vc_row_inner][vc_column_inner width=&#8221;1/3&#8243;][vc_column_text]</p>
<h2 class="page-title">RICEVIMENTO<br />
&amp; MATRIMONI</h2>
<div class="divider"></div>
<p>[/vc_column_text][/vc_column_inner][vc_column_inner width=&#8221;1/3&#8243;][/vc_column_inner][vc_column_inner width=&#8221;1/3&#8243;][/vc_column_inner][/vc_row_inner][/vc_column][/vc_row][vc_row equal_height=&#8221;yes&#8221; css_animation=&#8221;fadeInUp&#8221; el_id=&#8221;home-first-row&#8221; css=&#8221;.vc_custom_1531146012555{margin-top: 0px !important;margin-bottom: 0px !important;padding-top: 0px !important;padding-bottom: 0px !important;}&#8221;][vc_column][vc_row_inner][vc_column_inner width=&#8221;1/2&#8243;][vc_column_text]<strong>&#8220;La nostra professionalità al vostro servizio.&#8221;</strong> Questo potrebbe essere il nostro motto anche per l&#8217;organizzazione di colazioni di lavoro, pranzi e cene per privati e aziende, serate di gala con menù personalizzati, buffet a base di carne o di pesce, il tutto rallegrato da spettacoli o da musica dal vivo.[/vc_column_text][/vc_column_inner][vc_column_inner width=&#8221;1/2&#8243;][vc_column_text]<span style="font-weight: 400;">Per la buona riuscita dei ricevimenti e in occasione di matrimoni, garantiamo cura e attenzioni particolari.</span> Per tali occasioni <strong>Claudio</strong> segue personalmente e consiglia le coppie, affinché questo giorno resti nel ricordo di parenti e amici, senza essere un peso per gli sposi.[/vc_column_text][/vc_column_inner][/vc_row_inner][/vc_column][/vc_row][vc_row equal_height=&#8221;yes&#8221; css_animation=&#8221;fadeInUp&#8221; css=&#8221;.vc_custom_1531915374299{margin-top: 0px !important;margin-bottom: 0px !important;padding-top: 0px !important;padding-bottom: 0px !important;}&#8221;][vc_column][vc_empty_space][/vc_column][/vc_row][vc_row equal_height=&#8221;yes&#8221; css_animation=&#8221;fadeInUp&#8221; el_id=&#8221;home-first-row&#8221; css=&#8221;.vc_custom_1531915374299{margin-top: 0px !important;margin-bottom: 0px !important;padding-top: 0px !important;padding-bottom: 0px !important;}&#8221;][vc_column][vc_row_inner css=&#8221;.vc_custom_1531915450074{margin-top: 0px !important;margin-bottom: 0px !important;padding-top: 0px !important;padding-bottom: 0px !important;}&#8221;][vc_column_inner width=&#8221;1/3&#8243;][vc_column_text]</p>
<h2 class="page-title">IL VOSTRO<br />
RICEVIMENTO DI NOZZE</h2>
<div class="divider"></div>
<p>[/vc_column_text][/vc_column_inner][vc_column_inner width=&#8221;1/3&#8243;][/vc_column_inner][vc_column_inner width=&#8221;1/3&#8243;][/vc_column_inner][/vc_row_inner][/vc_column][/vc_row][vc_row equal_height=&#8221;yes&#8221; css_animation=&#8221;fadeInUp&#8221; css=&#8221;.vc_custom_1539001863454{margin-top: 0px !important;margin-bottom: 0px !important;padding-top: 0px !important;padding-bottom: 0px !important;}&#8221; el_id=&#8221;home-first-row&#8221;][vc_column][vc_row_inner][vc_column_inner width=&#8221;1/2&#8243;][vc_column_text css=&#8221;.vc_custom_1539073667449{margin-bottom: 0px !important;}&#8221;]</p>
<h3>Festaiolo.</h3>
<p>[/vc_column_text][vc_column_text]Potete riservare completamente la <strong>sala Panoramica</strong>, con il palco per la musica dal vivo o la visione dei video o gli scherzi degli amici, per il pranzo o la cena, accogliendo fino a 170 ospiti al tuo festeggiamento. Inoltre potrete usufruire degli altri spazi adiacenti del dehors, con il laghetto, per l’accoglienza iniziale, il taglio della torta e la confettata. L’ampia sala panoramica delle Feste, affacciata direttamente sui giardini, darà il benvenuto ai vostri ospiti con un sofisticato aperitivo. I vostri ospiti potranno così attendere in tutta comodità l’inizio del pranzo o della cena che si svolgerà all’interno. Le ampie vetrate permettono di creare un ambiente unico con la terrazza esterna e gli invitati potranno rimanere incantati dai colori della vegetazione e dal tramonto per tutto il ricevimento.[/vc_column_text][/vc_column_inner][vc_column_inner width=&#8221;1/2&#8243;][vc_column_text css=&#8221;.vc_custom_1539073673072{margin-bottom: 0px !important;}&#8221;]</p>
<h3>Intimo.</h3>
<p>[/vc_column_text][vc_column_text]Un’altra sala più raccolta ed intima è la <strong>sala padronale</strong>, con le travi di legno a vista. Particolare anche l’effetto della luce soffusa e gli archi. Originale anche la veranda che affaccia nel giardino estivo con una fontana al centro, in una suggestiva corte padronale che permette l’accoglienza iniziale degli ospiti, fino a un centinaio, la  possibilità di angoli caratteristici per le foto, il taglio del dolce e la piccola pasticceria con fontana di cioccolato e angolo dei whisky.[/vc_column_text][/vc_column_inner][/vc_row_inner][vc_row_inner][vc_column_inner width=&#8221;1/2&#8243;][vc_column_text css=&#8221;.vc_custom_1539073678991{margin-bottom: 0px !important;}&#8221;]</p>
<h3>Nel parco.</h3>
<p>[/vc_column_text][vc_column_text]Tutti gli spazi all’aperto attendono solo di scoprire come voi preferirete utilizzarli: potrete pianificare e scandire le fasi della festa di matrimonio o dell’evento, facendo muovere gli ospiti tra le differenti aree, ovvero la zona vele, il gazebo, la sala. Oppure <strong>potrai rimanere sotto le stelle, a lume di candela o nel verde del prato</strong>, o ancora ammirare lo spettacolo delle lanterne volanti o dei fuochi d’artificio. Dovrai solo scegliere secondo i tuoi gusti, qualunque sia il tuo stile.[/vc_column_text][/vc_column_inner][vc_column_inner width=&#8221;1/2&#8243;][vc_column_text css=&#8221;.vc_custom_1539073792578{margin-top: 60px !important;}&#8221;]Una raffinata selezione di piatti della tradizione rivisitati in chiave moderna con semplicità ed eleganza, unitamente alla passione e professionalità, sono gli elementi che contraddistinguono la nostra ristorazione.<br />
Professionalità e materie prime di qualità garantiscono un servizio eccellente, in grado di soddisfare qualsiasi necessità.[/vc_column_text][/vc_column_inner][/vc_row_inner][/vc_column][/vc_row][vc_row equal_height=&#8221;yes&#8221; css_animation=&#8221;fadeInUp&#8221; el_id=&#8221;row-client-photo&#8221; css=&#8221;.vc_custom_1532086349794{margin-top: 0px !important;margin-bottom: 0px !important;padding-top: 0px !important;padding-bottom: 0px !important;}&#8221;][vc_column css=&#8221;.vc_custom_1531915278041{padding-right: 0px !important;}&#8221;][vc_row_inner css=&#8221;.vc_custom_1531214045151{padding-top: 0px !important;}&#8221;][vc_column_inner css=&#8221;.vc_custom_1531214065012{margin-top: 0px !important;padding-top: 0px !important;padding-right: 0px !important;}&#8221;][vc_media_grid element_width=&#8221;3&#8243; grid_id=&#8221;vc_gid:1539074431052-42551dfa-53b9-8&#8243; include=&#8221;4551,4701,4550,4739&#8243; css=&#8221;.vc_custom_1533648282044{margin-bottom: 10px !important;padding-right: 0px !important;padding-bottom: 0px !important;}&#8221;][/vc_column_inner][/vc_row_inner][/vc_column][/vc_row][vc_row el_id=&#8221;home-first-row&#8221;][vc_column][vc_row_inner][vc_column_inner width=&#8221;1/3&#8243;][vc_column_text]</p>
<h2>CERIMONIA CIVILE</h2>
<p>[/vc_column_text][/vc_column_inner][vc_column_inner width=&#8221;1/3&#8243;][/vc_column_inner][vc_column_inner width=&#8221;1/3&#8243;][/vc_column_inner][/vc_row_inner][/vc_column][vc_column][vc_row_inner][vc_column_inner][vc_column_text css=&#8221;.vc_custom_1539074215050{margin-top: 0px !important;margin-bottom: 0px !important;}&#8221;]</p>
<h3><em>La magia di un matrimonio sulle rive fiume Piave.</em></h3>
<p>[/vc_column_text][/vc_column_inner][/vc_row_inner][vc_row_inner][vc_column_inner width=&#8221;1/2&#8243;][vc_column_text]<em>“<strong>ai Sette Nani</strong>”</em> potete scambiarvi le promesse d&#8217;amore in <strong>modo legale</strong>: <strong>l’Amministrazione Comune</strong> e la Prefettura, hanno riconosciuto questa location come luogo per pronunciare il fatidico <strong>Sì</strong>. Tutti i vostri inviati potranno vedere e partecipare alla cerimonia, <strong>officiata dal Sindaco del Comune</strong>, senza perdere nessun magico momento.<br />
Lo staff di <em>“<strong>ai Sette Nani</strong>”</em> vi fornirà inoltre supporto nella realizzazione dell’organizzazione del vostro matrimonio con preziosi suggerimenti e saprà consigliarvi un allestimento adeguato e coerente ai vostri desideri ed esigenze, spaziando tra soluzioni classiche e raffinate, a proposte alternative, Italian style o country chic, infondendo un&#8217;atmosfera un po’ retrò che donerà al vostro matrimonio emozioni senza tempo.[/vc_column_text][/vc_column_inner][vc_column_inner width=&#8221;1/2&#8243;][vc_column_text]E per finire in bellezza, la cucina conquisterà i vostri palati dall&#8217;antipasto al dolce per offrirvi un ricordo davvero speciale.<br />
Potrete celebrare il vostro matrimonio indimenticabile attorniati dalla natura e dal verde del parco del Piave, oppure in uno dei nostri  giardini, o nella sala padronale. Provate a immaginare i colori del tramonto, la brezza tiepida, il profumo dei fiori di campo e la luce tremolante di mille candele &#8230; Un luogo magico per il vostro indimenticabile matrimonio.[/vc_column_text][/vc_column_inner][/vc_row_inner][vc_row_inner][vc_column_inner][vc_column_text]Non abbiamo individuato lo stile che fa per voi? Non abbiamo ancora pensato al matrimonio glamour, minimal, eco solidale?&#8230; Lo realizzeremo con voi … per VOI! Dal banchetto, agli allestimenti particolari, ai fiori, alla musica, alla torta nuziale … puoi scegliere di personalizzare il tuo evento usufruendo di tutti o in parte dei nostri servizi.[/vc_column_text][/vc_column_inner][/vc_row_inner][vc_row_inner][vc_column_inner width=&#8221;1/6&#8243;][vc_column_text el_class=&#8221;client-photo-button-block&#8221;]<a class="btn-pink" href="mailto:info@aisettenani.it">CONTATTACI</a>[/vc_column_text][/vc_column_inner][vc_column_inner width=&#8221;1/6&#8243;][/vc_column_inner][vc_column_inner width=&#8221;1/6&#8243;][/vc_column_inner][vc_column_inner width=&#8221;1/6&#8243;][/vc_column_inner][vc_column_inner width=&#8221;1/6&#8243;][/vc_column_inner][vc_column_inner width=&#8221;1/6&#8243;][/vc_column_inner][/vc_row_inner][/vc_column][/vc_row]</p>
</div>

<p>[vc_row equal_height=&#8221;yes&#8221; css_animation=&#8221;fadeInUp&#8221; el_id=&#8221;home-first-row&#8221; css=&#8221;.vc_custom_1531146097949{margin-bottom: 0px !important;padding-bottom: 0px !important;}&#8221;][vc_column][vc_row_inner][vc_column_inner width=&#8221;1/3&#8243;][vc_column_text] RICEVIMENTO &amp; MATRIMONI [/vc_column_text][/vc_column_inner][vc_column_inner width=&#8221;1/3&#8243;][/vc_column_inner][vc_column_inner width=&#8221;1/3&#8243;][/vc_column_inner][/vc_row_inner][/vc_column][/vc_row][vc_row equal_height=&#8221;yes&#8221; css_animation=&#8221;fadeInUp&#8221; el_id=&#8221;home-first-row&#8221; css=&#8221;.vc_custom_1531146012555{margin-top: 0px !important;margin-bottom: 0px !important;padding-top: 0px !important;padding-bottom: 0px !important;}&#8221;][vc_column][vc_row_inner][vc_column_inner width=&#8221;1/2&#8243;][vc_column_text]&#8220;La nostra professionalità al vostro servizio.&#8221; Questo potrebbe essere il nostro motto anche per l&#8217;organizzazione di colazioni di lavoro, pranzi e cene per privati e aziende, serate [&hellip;]</p>
